{"id":911,"date":"2024-01-15T19:44:55","date_gmt":"2024-01-15T19:44:55","guid":{"rendered":"https:\/\/samariter-appenzell.info\/wordpress\/?page_id=911"},"modified":"2026-03-09T20:45:19","modified_gmt":"2026-03-09T20:45:19","slug":"bls-aed","status":"publish","type":"page","link":"https:\/\/samariter-appenzell.info\/?page_id=911","title":{"rendered":"BLS-AED-SRC komplett"},"content":{"rendered":"\t\t<div data-elementor-type=\"wp-page\" data-elementor-id=\"911\" class=\"elementor elementor-911\">\n\t\t\t\t\t\t<section class=\"elementor-section elementor-top-section elementor-element elementor-element-025607e elementor-section-boxed elementor-section-height-default elementor-section-height-default\" data-id=\"025607e\" data-element_type=\"section\" data-e-type=\"section\">\n\t\t\t\t\t\t<div class=\"elementor-container elementor-column-gap-default\">\n\t\t\t\t\t<div class=\"elementor-column elementor-col-66 elementor-top-column elementor-element elementor-element-13fbfb0\" data-id=\"13fbfb0\" data-element_type=\"column\" data-e-type=\"column\">\n\t\t\t<div class=\"elementor-widget-wrap elementor-element-populated\">\n\t\t\t\t\t\t<div class=\"elementor-element elementor-element-92b0db3 elementor-widget elementor-widget-text-editor\" data-id=\"92b0db3\" data-element_type=\"widget\" data-e-type=\"widget\" data-widget_type=\"text-editor.default\">\n\t\t\t\t<div class=\"elementor-widget-container\">\n\t\t\t\t\t\t\t\t\t<div class=\"field field--name-field-course-lead field--type-string-long field--label-hidden field__item\"><h2>BLS-AED-SRC Komplett<\/h2><\/div><div class=\"field field--name-field-course-paragraphs-ref field--type-entity-reference-revisions field--label-hidden field__items\"><div class=\"field__item\"><div class=\"paragraph paragraph--type--text paragraph--view-mode--default red_light\"><div class=\"field field--name-field-para-text-text field--type-text-long field--label-hidden field__item\"><div class=\"field field--name-field-course-body field--type-text-long field--label-hidden field__item\"><p><strong>Im Kurs BLS-AED-SRC Komplett (Generic Provider) erlernen Sie die wichtigsten lebensrettenden Massnahmen zur Wiederbelebung und deren Vertiefung und Anwendung bei Erwachsenen und Kindern in unterschiedlichen Situationen.<\/strong><\/p><\/div><div class=\"field field--name-field-course-paragraphs-ref field--type-entity-reference-revisions field--label-hidden field__items\"><div class=\"field__item\"><div class=\"paragraph paragraph--type--text paragraph--view-mode--default green_light\"><div class=\"field field--name-field-para-text-text field--type-text-long field--label-hidden field__item\"><p><strong>Inhalt<\/strong><br \/>Auf abwechslungsreiche und spielerische Weise trainieren Sie in realistisch nachgestellten Szenen die BLS-AED-Massnahmen bei einem Herzkreislaufstillstand (BLS = Basic Life Support) bei Erwachsenen und Kindern sowie die Anwendung des AED-Ger\u00e4tes (AED = Automatisierter externer Defibrillator). Der Kurs beinhaltet unter anderem folgende Themen:<\/p><ul><li>Erkennen und Beurteilen von Notfallsituationen inkl. Herzinfarkt und Schlaganfall<\/li><li>Probleml\u00f6sung in Notfallsituationen<\/li><li>Bewusstlosenlagerung<\/li><li>Handlungsablauf gem\u00e4ss \u00abAlgorithmus BLS-AED-SRC 2021\u00bb<\/li><li>Grundfertigkeiten-Training (Erstbeurteilung, Herzdruckmassage, Beatmung, Defibrillation mittels AED bei Erwachsenen und Kindern)<\/li><\/ul><p>Der Unterricht vermittelt auf einfache Art viel praktisches Wissen und basiert auf den aktuellsten Richtlinien f\u00fcr Erste Hilfe.<\/p><p><strong>Zielgruppe<\/strong><br \/>Interessierte Personen ab 12 Jahren, die sich das Basis-Wissen f\u00fcr wiederbelebende Massnahmen aneignen m\u00f6chten oder aus beruflichen Gr\u00fcnden m\u00fcssen (z.B. First-Responder, Betriebssanit\u00e4ter, Polizisten, Bademeister, Fitnessinstruktoren, Feuerwehrangeh\u00f6rige aber auch Angeh\u00f6rige von Herzpatienten).<\/p><p><strong>Voraussetzungen<\/strong><br \/>Keine<\/p><p><strong>Dauer<\/strong><br \/>3 Stunden<\/p><p><strong>Kosten<\/strong><br \/>100.-<\/p><p><strong>Zertifikat<\/strong><br \/>Nach Abschluss des Kurses erhalten Sie das Kurs-Zertifikat SRC-BLS-AED Komplett (G\u00fcltigkeit 2 Jahre).<\/p><\/div><\/div><\/div><\/div><\/div><\/div><\/div><\/div>\t\t\t\t\t\t\t\t<\/div>\n\t\t\t\t<\/div>\n\t\t\t\t\t<\/div>\n\t\t<\/div>\n\t\t\t\t<div class=\"elementor-column elementor-col-33 elementor-top-column elementor-element elementor-element-e1ea4fe\" data-id=\"e1ea4fe\" data-element_type=\"column\" data-e-type=\"column\">\n\t\t\t<div class=\"elementor-widget-wrap elementor-element-populated\">\n\t\t\t\t\t\t<div class=\"elementor-element elementor-element-bfacf4d elementor-widget elementor-widget-text-editor\" data-id=\"bfacf4d\" data-element_type=\"widget\" data-e-type=\"widget\" data-widget_type=\"text-editor.default\">\n\t\t\t\t<div class=\"elementor-widget-container\">\n\t\t\t\t\t\t\t\t\t<h2>n\u00e4chster Kurs<\/h2><p>findet am 9. April von 18-21 Uhr statt. Sie k\u00f6nnen sich \u00fcber den Anmeldebutton im Register &#171;Termine&#187; anmelden.\u00a0<\/p>\t\t\t\t\t\t\t\t<\/div>\n\t\t\t\t<\/div>\n\t\t\t\t<div class=\"elementor-element elementor-element-f24399d elementor-widget elementor-widget-button\" data-id=\"f24399d\" data-element_type=\"widget\" data-e-type=\"widget\" data-widget_type=\"button.default\">\n\t\t\t\t<div class=\"elementor-widget-container\">\n\t\t\t\t\t\t\t\t\t<div class=\"elementor-button-wrapper\">\n\t\t\t\t\t<a class=\"elementor-button elementor-button-link elementor-size-sm\" href=\"https:\/\/samariter-appenzell.info\/?page_id=990\">\n\t\t\t\t\t\t<span class=\"elementor-button-content-wrapper\">\n\t\t\t\t\t\t\t\t\t<span class=\"elementor-button-text\">Hier gelangen Sie zum Kontaktformular<\/span>\n\t\t\t\t\t<\/span>\n\t\t\t\t\t<\/a>\n\t\t\t\t<\/div>\n\t\t\t\t\t\t\t\t<\/div>\n\t\t\t\t<\/div>\n\t\t\t\t\t<\/div>\n\t\t<\/div>\n\t\t\t\t\t<\/div>\n\t\t<\/section>\n\t\t\t\t<section class=\"elementor-section elementor-top-section elementor-element elementor-element-47bb9e1 elementor-section-boxed elementor-section-height-default elementor-section-height-default\" data-id=\"47bb9e1\" data-element_type=\"section\" data-e-type=\"section\">\n\t\t\t\t\t\t<div class=\"elementor-container elementor-column-gap-default\">\n\t\t\t\t\t<div class=\"elementor-column elementor-col-100 elementor-top-column elementor-element elementor-element-c207d72\" data-id=\"c207d72\" data-element_type=\"column\" data-e-type=\"column\">\n\t\t\t<div class=\"elementor-widget-wrap\">\n\t\t\t\t\t\t\t<\/div>\n\t\t<\/div>\n\t\t\t\t\t<\/div>\n\t\t<\/section>\n\t\t\t\t<section class=\"elementor-section elementor-top-section elementor-element elementor-element-35d710b elementor-section-boxed elementor-section-height-default elementor-section-height-default\" data-id=\"35d710b\" data-element_type=\"section\" data-e-type=\"section\">\n\t\t\t\t\t\t<div class=\"elementor-container elementor-column-gap-default\">\n\t\t\t\t\t<div class=\"elementor-column elementor-col-100 elementor-top-column elementor-element elementor-element-3beb931\" data-id=\"3beb931\" data-element_type=\"column\" data-e-type=\"column\">\n\t\t\t<div class=\"elementor-widget-wrap\">\n\t\t\t\t\t\t\t<\/div>\n\t\t<\/div>\n\t\t\t\t\t<\/div>\n\t\t<\/section>\n\t\t\t\t<\/div>\n\t\t","protected":false},"excerpt":{"rendered":"<p>BLS-AED-SRC Komplett Im Kurs BLS-AED-SRC Komplett (Generic Provider) erlernen Sie die wichtigsten lebensrettenden Massnahmen zur Wiederbelebung und deren Vertiefung und Anwendung bei Erwachsenen und Kindern in unterschiedlichen Situationen. InhaltAuf abwechslungsreiche und spielerische Weise trainieren Sie in realistisch nachgestellten Szenen die BLS-AED-Massnahmen bei einem Herzkreislaufstillstand (BLS = Basic Life Support) bei Erwachsenen und Kindern sowie die&hellip;&nbsp;<a href=\"https:\/\/samariter-appenzell.info\/?page_id=911\" class=\"\" rel=\"bookmark\">Weiterlesen &raquo;<span class=\"screen-reader-text\">BLS-AED-SRC komplett<\/span><\/a><\/p>\n","protected":false},"author":1,"featured_media":0,"parent":692,"menu_order":0,"comment_status":"closed","ping_status":"closed","template":"page-templates\/template-pagebuilder-full-width.php","meta":{"neve_meta_sidebar":"","neve_meta_container":"","neve_meta_enable_content_width":"","neve_meta_content_width":0,"neve_meta_title_alignment":"","neve_meta_author_avatar":"","neve_post_elements_order":"","neve_meta_disable_header":"","neve_meta_disable_footer":"","neve_meta_disable_title":"","_themeisle_gutenberg_block_has_review":false,"footnotes":""},"class_list":["post-911","page","type-page","status-publish","hentry"],"_links":{"self":[{"href":"https:\/\/samariter-appenzell.info\/index.php?rest_route=\/wp\/v2\/pages\/911","targetHints":{"allow":["GET"]}}],"collection":[{"href":"https:\/\/samariter-appenzell.info\/index.php?rest_route=\/wp\/v2\/pages"}],"about":[{"href":"https:\/\/samariter-appenzell.info\/index.php?rest_route=\/wp\/v2\/types\/page"}],"author":[{"embeddable":true,"href":"https:\/\/samariter-appenzell.info\/index.php?rest_route=\/wp\/v2\/users\/1"}],"replies":[{"embeddable":true,"href":"https:\/\/samariter-appenzell.info\/index.php?rest_route=%2Fwp%2Fv2%2Fcomments&post=911"}],"version-history":[{"count":62,"href":"https:\/\/samariter-appenzell.info\/index.php?rest_route=\/wp\/v2\/pages\/911\/revisions"}],"predecessor-version":[{"id":2357,"href":"https:\/\/samariter-appenzell.info\/index.php?rest_route=\/wp\/v2\/pages\/911\/revisions\/2357"}],"up":[{"embeddable":true,"href":"https:\/\/samariter-appenzell.info\/index.php?rest_route=\/wp\/v2\/pages\/692"}],"wp:attachment":[{"href":"https:\/\/samariter-appenzell.info\/index.php?rest_route=%2Fwp%2Fv2%2Fmedia&parent=911"}],"curies":[{"name":"wp","href":"https:\/\/api.w.org\/{rel}","templated":true}]}}