{"id":692,"date":"2023-11-27T22:38:34","date_gmt":"2023-11-27T22:38:34","guid":{"rendered":"https:\/\/samariter-appenzell.info\/wordpress\/?page_id=692"},"modified":"2024-07-08T20:39:56","modified_gmt":"2024-07-08T20:39:56","slug":"kurse","status":"publish","type":"page","link":"https:\/\/samariter-appenzell.info\/?page_id=692","title":{"rendered":"Kurse"},"content":{"rendered":"\t\t<div data-elementor-type=\"wp-page\" data-elementor-id=\"692\" class=\"elementor elementor-692\">\n\t\t\t\t\t\t<section class=\"elementor-section elementor-top-section elementor-element elementor-element-f3e18c1 elementor-section-boxed elementor-section-height-default elementor-section-height-default\" data-id=\"f3e18c1\" data-element_type=\"section\" data-e-type=\"section\">\n\t\t\t\t\t\t<div class=\"elementor-container elementor-column-gap-default\">\n\t\t\t\t\t<div class=\"elementor-column elementor-col-66 elementor-top-column elementor-element elementor-element-9e79cc2\" data-id=\"9e79cc2\" data-element_type=\"column\" data-e-type=\"column\">\n\t\t\t<div class=\"elementor-widget-wrap elementor-element-populated\">\n\t\t\t\t\t\t<div class=\"elementor-element elementor-element-3ad82e6 elementor-widget elementor-widget-heading\" data-id=\"3ad82e6\" data-element_type=\"widget\" data-e-type=\"widget\" data-widget_type=\"heading.default\">\n\t\t\t\t<div class=\"elementor-widget-container\">\n\t\t\t\t\t<h2 class=\"elementor-heading-title elementor-size-default\">Kurse<\/h2>\t\t\t\t<\/div>\n\t\t\t\t<\/div>\n\t\t\t\t<div class=\"elementor-element elementor-element-6489499 elementor-widget elementor-widget-text-editor\" data-id=\"6489499\" data-element_type=\"widget\" data-e-type=\"widget\" data-widget_type=\"text-editor.default\">\n\t\t\t\t<div class=\"elementor-widget-container\">\n\t\t\t\t\t\t\t\t\t<p style=\"font-size: 17px;\">Sie brauchen einen spezifischen Kurs oder m\u00f6chten sich zur Wissenserweiterung weiterbilden?\u00a0<br \/>Bei uns k\u00f6nnen Sie folgende Kurse besuchen:<\/p><div style=\"font-size: 17px;\">\u2013 Nothilfekurse<br \/>\u2013 IVR 1<br \/>\u2013 IVR 1 Refresher<br \/>\u2013 IVR 2<br \/>\u2013 IVR 2 Refresher<br \/>\u2013 Notf\u00e4lle mit Kleinkindern<br \/>\u2013 Firmenkurse bei ihnen im Betrieb<br \/>usw.\u00a0<\/div><p style=\"font-size: 17px;\">Genauere Informationen finden Sie unter den entsprechenden Kursbeschreibungen.\u00a0<\/p><p style=\"font-size: 17px;\">Wenn Sie den gew\u00fcnschten Kurs w\u00e4hlen, sehen Sie die geplanten Kurse und die aktuell freien Pl\u00e4tze.<\/p><div>\u00a0<\/div>\t\t\t\t\t\t\t\t<\/div>\n\t\t\t\t<\/div>\n\t\t\t\t\t<\/div>\n\t\t<\/div>\n\t\t\t\t<div class=\"elementor-column elementor-col-33 elementor-top-column elementor-element elementor-element-518a138\" data-id=\"518a138\" data-element_type=\"column\" data-e-type=\"column\">\n\t\t\t<div class=\"elementor-widget-wrap elementor-element-populated\">\n\t\t\t\t\t\t<div class=\"elementor-element elementor-element-90152c0 elementor-widget elementor-widget-text-editor\" data-id=\"90152c0\" data-element_type=\"widget\" data-e-type=\"widget\" data-widget_type=\"text-editor.default\">\n\t\t\t\t<div class=\"elementor-widget-container\">\n\t\t\t\t\t\t\t\t\t<p>\u00a0 \u00a0<\/p>\t\t\t\t\t\t\t\t<\/div>\n\t\t\t\t<\/div>\n\t\t\t\t<div class=\"elementor-element elementor-element-699f461 elementor-widget elementor-widget-image\" data-id=\"699f461\" data-element_type=\"widget\" data-e-type=\"widget\" data-widget_type=\"image.default\">\n\t\t\t\t<div class=\"elementor-widget-container\">\n\t\t\t\t\t\t\t\t\t\t\t\t\t\t\t<img fetchpriority=\"high\" decoding=\"async\" width=\"768\" height=\"1024\" src=\"https:\/\/samariter-appenzell.info\/wp-content\/uploads\/2024\/02\/IMG_2466-1-scaled.jpeg\" class=\"attachment-large size-large wp-image-1459\" alt=\"\" \/>\t\t\t\t\t\t\t\t\t\t\t\t\t\t\t<\/div>\n\t\t\t\t<\/div>\n\t\t\t\t\t<\/div>\n\t\t<\/div>\n\t\t\t\t\t<\/div>\n\t\t<\/section>\n\t\t\t\t<\/div>\n\t\t","protected":false},"excerpt":{"rendered":"<p>Kurse Sie brauchen einen spezifischen Kurs oder m\u00f6chten sich zur Wissenserweiterung weiterbilden?\u00a0Bei uns k\u00f6nnen Sie folgende Kurse besuchen: \u2013 Nothilfekurse\u2013 IVR 1\u2013 IVR 1 Refresher\u2013 IVR 2\u2013 IVR 2 Refresher\u2013 Notf\u00e4lle mit Kleinkindern\u2013 Firmenkurse bei ihnen im Betriebusw.\u00a0 Genauere Informationen finden Sie unter den entsprechenden Kursbeschreibungen.\u00a0 Wenn Sie den gew\u00fcnschten Kurs w\u00e4hlen, sehen Sie die&hellip;&nbsp;<a href=\"https:\/\/samariter-appenzell.info\/?page_id=692\" class=\"\" rel=\"bookmark\">Weiterlesen &raquo;<span class=\"screen-reader-text\">Kurse<\/span><\/a><\/p>\n","protected":false},"author":1,"featured_media":0,"parent":0,"menu_order":0,"comment_status":"closed","ping_status":"closed","template":"page-templates\/template-pagebuilder-full-width.php","meta":{"neve_meta_sidebar":"","neve_meta_container":"","neve_meta_enable_content_width":"","neve_meta_content_width":0,"neve_meta_title_alignment":"","neve_meta_author_avatar":"","neve_post_elements_order":"","neve_meta_disable_header":"","neve_meta_disable_footer":"","neve_meta_disable_title":"","_themeisle_gutenberg_block_has_review":false,"footnotes":""},"class_list":["post-692","page","type-page","status-publish","hentry"],"_links":{"self":[{"href":"https:\/\/samariter-appenzell.info\/index.php?rest_route=\/wp\/v2\/pages\/692","targetHints":{"allow":["GET"]}}],"collection":[{"href":"https:\/\/samariter-appenzell.info\/index.php?rest_route=\/wp\/v2\/pages"}],"about":[{"href":"https:\/\/samariter-appenzell.info\/index.php?rest_route=\/wp\/v2\/types\/page"}],"author":[{"embeddable":true,"href":"https:\/\/samariter-appenzell.info\/index.php?rest_route=\/wp\/v2\/users\/1"}],"replies":[{"embeddable":true,"href":"https:\/\/samariter-appenzell.info\/index.php?rest_route=%2Fwp%2Fv2%2Fcomments&post=692"}],"version-history":[{"count":25,"href":"https:\/\/samariter-appenzell.info\/index.php?rest_route=\/wp\/v2\/pages\/692\/revisions"}],"predecessor-version":[{"id":1809,"href":"https:\/\/samariter-appenzell.info\/index.php?rest_route=\/wp\/v2\/pages\/692\/revisions\/1809"}],"wp:attachment":[{"href":"https:\/\/samariter-appenzell.info\/index.php?rest_route=%2Fwp%2Fv2%2Fmedia&parent=692"}],"curies":[{"name":"wp","href":"https:\/\/api.w.org\/{rel}","templated":true}]}}