{"id":621,"date":"2023-11-27T21:28:21","date_gmt":"2023-11-27T21:28:21","guid":{"rendered":"https:\/\/samariter-appenzell.info\/wordpress\/?page_id=621"},"modified":"2024-01-31T19:09:19","modified_gmt":"2024-01-31T19:09:19","slug":"firmenkurse","status":"publish","type":"page","link":"https:\/\/samariter-appenzell.info\/?page_id=621","title":{"rendered":"Firmenkurse"},"content":{"rendered":"\t\t<div data-elementor-type=\"wp-page\" data-elementor-id=\"621\" class=\"elementor elementor-621\">\n\t\t\t\t\t\t<section class=\"elementor-section elementor-top-section elementor-element elementor-element-7870894 elementor-section-boxed elementor-section-height-default elementor-section-height-default\" data-id=\"7870894\" data-element_type=\"section\" data-e-type=\"section\">\n\t\t\t\t\t\t<div class=\"elementor-container elementor-column-gap-default\">\n\t\t\t\t\t<div class=\"elementor-column elementor-col-100 elementor-top-column elementor-element elementor-element-97b0739\" data-id=\"97b0739\" data-element_type=\"column\" data-e-type=\"column\">\n\t\t\t<div class=\"elementor-widget-wrap elementor-element-populated\">\n\t\t\t\t\t\t<div class=\"elementor-element elementor-element-48df421 elementor-widget elementor-widget-heading\" data-id=\"48df421\" data-element_type=\"widget\" data-e-type=\"widget\" data-widget_type=\"heading.default\">\n\t\t\t\t<div class=\"elementor-widget-container\">\n\t\t\t\t\t<h2 class=\"elementor-heading-title elementor-size-default\">Firmenkurse<\/h2>\t\t\t\t<\/div>\n\t\t\t\t<\/div>\n\t\t\t\t\t<\/div>\n\t\t<\/div>\n\t\t\t\t\t<\/div>\n\t\t<\/section>\n\t\t\t\t<section class=\"elementor-section elementor-top-section elementor-element elementor-element-f7b05bd elementor-section-boxed elementor-section-height-default elementor-section-height-default\" data-id=\"f7b05bd\" data-element_type=\"section\" data-e-type=\"section\">\n\t\t\t\t\t\t<div class=\"elementor-container elementor-column-gap-default\">\n\t\t\t\t\t<div class=\"elementor-column elementor-col-66 elementor-top-column elementor-element elementor-element-ea75cd4\" data-id=\"ea75cd4\" data-element_type=\"column\" data-e-type=\"column\">\n\t\t\t<div class=\"elementor-widget-wrap elementor-element-populated\">\n\t\t\t\t\t\t<div class=\"elementor-element elementor-element-b463921 elementor-widget elementor-widget-text-editor\" data-id=\"b463921\" data-element_type=\"widget\" data-e-type=\"widget\" data-widget_type=\"text-editor.default\">\n\t\t\t\t<div class=\"elementor-widget-container\">\n\t\t\t\t\t\t\t\t\t<p>Sicherheit f\u00fcr Kunden\/Kundinnen, Mitarbeiter\/ Mitarbeiterinnen und Kaderpersonen<\/p><p>In der Werkstatt, im B\u00fcro, im Laden, im Coiffeursalon, auf Montage, im Kinderhort, in sozialen Institutionen usw.\u00a0<span style=\"background-color: var(--nv-site-bg); color: var(--nv-text-color); font-family: var(--bodyfontfamily),var(--nv-fallback-ff); font-size: var(--bodyfontsize); font-weight: var(--bodyfontweight); letter-spacing: var(--bodyletterspacing); text-transform: var(--bodytexttransform);\">Wo immer Sie oder einer Ihrer Mitarbeiter im Arbeitseinsatz stehen, kann sich \u00fcberall ein Unfall ereignen. Jederzeit kann ein Kunde, ein Kollege oder Sie selbst in einer lebensbedrohlichen Situation stehen.\u00a0<\/span><\/p><p>Wenn Sie und ihre MitarbeiterInnen bis zum eintreffen professioneller Hilfe richtig reagieren, k\u00f6nnen Sie Leben retten.\u00a0<\/p><p>F\u00fcr die korrekte Anwendung solcher Hilfestellungen brauchen Sie keine Meisterpr\u00fcfung. Sie k\u00f6nnen die Grundlagen und wichtigsten Techniken in wenigen Stunden, in einem unserer Firmenkurse erlernen.\u00a0<\/p><p>Der Samariterverein Appenzell verf\u00fcgt einerseits \u00fcber eine Palette von Standard-Kursangeboten wie Nothilfekurs, CPR-Kurs (Herz-Lungen-Wiederbelebung), Notf\u00e4lle bei Kleinkindern usw. andererseits sind wir gerne bereit, einen Weiterbildungsanlass durchzuf\u00fchren, der ganz auf die Bed\u00fcrfnisse Ihres Unternehmens und Ihrer MitarbeiterInnen zugeschnitten ist.<\/p><p>Die Schulung kann in Ihrem Betrieb oder in unserem Kurslokal durchgef\u00fchrt werden. Die Nothilfekurse und die Kursleiter unseres Vereins, sind auf schweizerischer und europ\u00e4ischer Ebene zertifiziert.\u00a0<\/p><p>Am Besten melden Sie sich noch heute, damit wir ein perfekt auf Sie zugeschnittenes Programm zusammenstellen k\u00f6nnen.\u00a0<\/p>\t\t\t\t\t\t\t\t<\/div>\n\t\t\t\t<\/div>\n\t\t\t\t\t<\/div>\n\t\t<\/div>\n\t\t\t\t<div class=\"elementor-column elementor-col-33 elementor-top-column elementor-element elementor-element-3da6e48\" data-id=\"3da6e48\" data-element_type=\"column\" data-e-type=\"column\">\n\t\t\t<div class=\"elementor-widget-wrap elementor-element-populated\">\n\t\t\t\t\t\t<div class=\"elementor-element elementor-element-9e49337 elementor-widget elementor-widget-text-editor\" data-id=\"9e49337\" data-element_type=\"widget\" data-e-type=\"widget\" data-widget_type=\"text-editor.default\">\n\t\t\t\t<div class=\"elementor-widget-container\">\n\t\t\t\t\t\t\t\t\t<p>Sehr gerne stellen wir den perfekten Firmenkurs auf Ihre Firma zusammen. Melden Sie sich \u00fcber das Kontaktformular.<\/p>\t\t\t\t\t\t\t\t<\/div>\n\t\t\t\t<\/div>\n\t\t\t\t<div class=\"elementor-element elementor-element-e829765 elementor-widget elementor-widget-button\" data-id=\"e829765\" data-element_type=\"widget\" data-e-type=\"widget\" data-widget_type=\"button.default\">\n\t\t\t\t<div class=\"elementor-widget-container\">\n\t\t\t\t\t\t\t\t\t<div class=\"elementor-button-wrapper\">\n\t\t\t\t\t<a class=\"elementor-button elementor-button-link elementor-size-sm\" href=\"https:\/\/samariter-appenzell.info\/?page_id=990\">\n\t\t\t\t\t\t<span class=\"elementor-button-content-wrapper\">\n\t\t\t\t\t\t\t\t\t<span class=\"elementor-button-text\">Hier gelangen Sie zum Kontaktformular<\/span>\n\t\t\t\t\t<\/span>\n\t\t\t\t\t<\/a>\n\t\t\t\t<\/div>\n\t\t\t\t\t\t\t\t<\/div>\n\t\t\t\t<\/div>\n\t\t\t\t\t<\/div>\n\t\t<\/div>\n\t\t\t\t\t<\/div>\n\t\t<\/section>\n\t\t\t\t<section class=\"elementor-section elementor-top-section elementor-element elementor-element-feea883 elementor-section-boxed elementor-section-height-default elementor-section-height-default\" data-id=\"feea883\" data-element_type=\"section\" data-e-type=\"section\">\n\t\t\t\t\t\t<div class=\"elementor-container elementor-column-gap-default\">\n\t\t\t\t\t<div class=\"elementor-column elementor-col-100 elementor-top-column elementor-element elementor-element-0f399dd\" data-id=\"0f399dd\" data-element_type=\"column\" data-e-type=\"column\">\n\t\t\t<div class=\"elementor-widget-wrap\">\n\t\t\t\t\t\t\t<\/div>\n\t\t<\/div>\n\t\t\t\t\t<\/div>\n\t\t<\/section>\n\t\t\t\t<\/div>\n\t\t","protected":false},"excerpt":{"rendered":"<p>Firmenkurse Sicherheit f\u00fcr Kunden\/Kundinnen, Mitarbeiter\/ Mitarbeiterinnen und Kaderpersonen In der Werkstatt, im B\u00fcro, im Laden, im Coiffeursalon, auf Montage, im Kinderhort, in sozialen Institutionen usw.\u00a0Wo immer Sie oder einer Ihrer Mitarbeiter im Arbeitseinsatz stehen, kann sich \u00fcberall ein Unfall ereignen. Jederzeit kann ein Kunde, ein Kollege oder Sie selbst in einer lebensbedrohlichen Situation stehen.\u00a0 Wenn&hellip;&nbsp;<a href=\"https:\/\/samariter-appenzell.info\/?page_id=621\" class=\"\" rel=\"bookmark\">Weiterlesen &raquo;<span class=\"screen-reader-text\">Firmenkurse<\/span><\/a><\/p>\n","protected":false},"author":1,"featured_media":0,"parent":692,"menu_order":0,"comment_status":"closed","ping_status":"closed","template":"page-templates\/template-pagebuilder-full-width.php","meta":{"neve_meta_sidebar":"","neve_meta_container":"","neve_meta_enable_content_width":"","neve_meta_content_width":0,"neve_meta_title_alignment":"","neve_meta_author_avatar":"","neve_post_elements_order":"","neve_meta_disable_header":"","neve_meta_disable_footer":"","neve_meta_disable_title":"","_themeisle_gutenberg_block_has_review":false,"footnotes":""},"class_list":["post-621","page","type-page","status-publish","hentry"],"_links":{"self":[{"href":"https:\/\/samariter-appenzell.info\/index.php?rest_route=\/wp\/v2\/pages\/621","targetHints":{"allow":["GET"]}}],"collection":[{"href":"https:\/\/samariter-appenzell.info\/index.php?rest_route=\/wp\/v2\/pages"}],"about":[{"href":"https:\/\/samariter-appenzell.info\/index.php?rest_route=\/wp\/v2\/types\/page"}],"author":[{"embeddable":true,"href":"https:\/\/samariter-appenzell.info\/index.php?rest_route=\/wp\/v2\/users\/1"}],"replies":[{"embeddable":true,"href":"https:\/\/samariter-appenzell.info\/index.php?rest_route=%2Fwp%2Fv2%2Fcomments&post=621"}],"version-history":[{"count":37,"href":"https:\/\/samariter-appenzell.info\/index.php?rest_route=\/wp\/v2\/pages\/621\/revisions"}],"predecessor-version":[{"id":1332,"href":"https:\/\/samariter-appenzell.info\/index.php?rest_route=\/wp\/v2\/pages\/621\/revisions\/1332"}],"up":[{"embeddable":true,"href":"https:\/\/samariter-appenzell.info\/index.php?rest_route=\/wp\/v2\/pages\/692"}],"wp:attachment":[{"href":"https:\/\/samariter-appenzell.info\/index.php?rest_route=%2Fwp%2Fv2%2Fmedia&parent=621"}],"curies":[{"name":"wp","href":"https:\/\/api.w.org\/{rel}","templated":true}]}}