{"id":3,"date":"2023-08-05T07:43:01","date_gmt":"2023-08-05T07:43:01","guid":{"rendered":"https:\/\/samariter-appenzell.info\/wordpress\/?page_id=3"},"modified":"2025-01-08T19:13:41","modified_gmt":"2025-01-08T19:13:41","slug":"datenschutzrichtlinien","status":"publish","type":"page","link":"https:\/\/samariter-appenzell.info\/?page_id=3","title":{"rendered":"Datenschutzrichtlinien"},"content":{"rendered":"\t\t<div data-elementor-type=\"wp-page\" data-elementor-id=\"3\" class=\"elementor elementor-3\">\n\t\t\t\t\t\t<section class=\"elementor-section elementor-top-section elementor-element elementor-element-24fc94f elementor-section-boxed elementor-section-height-default elementor-section-height-default\" data-id=\"24fc94f\" data-element_type=\"section\" data-e-type=\"section\">\n\t\t\t\t\t\t<div class=\"elementor-container elementor-column-gap-default\">\n\t\t\t\t\t<div class=\"elementor-column elementor-col-100 elementor-top-column elementor-element elementor-element-48fdb7e1\" data-id=\"48fdb7e1\" data-element_type=\"column\" data-e-type=\"column\">\n\t\t\t<div class=\"elementor-widget-wrap\">\n\t\t\t\t\t\t\t<\/div>\n\t\t<\/div>\n\t\t\t\t\t<\/div>\n\t\t<\/section>\n\t\t\t\t<section class=\"elementor-section elementor-top-section elementor-element elementor-element-4893fce elementor-section-boxed elementor-section-height-default elementor-section-height-default\" data-id=\"4893fce\" data-element_type=\"section\" data-e-type=\"section\">\n\t\t\t\t\t\t<div class=\"elementor-container elementor-column-gap-default\">\n\t\t\t\t\t<div class=\"elementor-column elementor-col-66 elementor-top-column elementor-element elementor-element-5f4df70\" data-id=\"5f4df70\" data-element_type=\"column\" data-e-type=\"column\">\n\t\t\t<div class=\"elementor-widget-wrap elementor-element-populated\">\n\t\t\t\t\t\t<div class=\"elementor-element elementor-element-69b58d99 elementor-widget elementor-widget-text-editor\" data-id=\"69b58d99\" data-element_type=\"widget\" data-e-type=\"widget\" data-widget_type=\"text-editor.default\">\n\t\t\t\t<div class=\"elementor-widget-container\">\n\t\t\t\t\t\t\t\t\t<p><\/p>\n<h2 class=\"wp-block-heading\">Ihre Daten sicher zu behandeln, ist uns ein grosses Anliegen<\/h2>\n<p><\/p>\n<p>Und doch sind wir auf gewisse Daten von ihnen angewiesen.&nbsp;&nbsp;<\/p>\n<div class=\"w-full text-token-text-primary\" data-testid=\"conversation-turn-5\">\n<div class=\"px-4 py-2 justify-center text-base md:gap-6 m-auto\">\n<div class=\"flex flex-1 text-base mx-auto gap-3 md:px-5 lg:px-1 xl:px-5 md:max-w-3xl lg:max-w-[40rem] xl:max-w-[48rem] group final-completion\">\n<div class=\"relative flex w-full flex-col lg:w-[calc(100%-115px)] agent-turn\">\n<div class=\"flex-col gap-1 md:gap-3\">\n<div class=\"flex flex-grow flex-col max-w-full\">\n<div class=\"min-h-[20px] text-message flex flex-col items-start gap-3 whitespace-pre-wrap break-words [.text-message+&amp;]:mt-5 overflow-x-auto\" data-message-author-role=\"assistant\" data-message-id=\"8f406b50-67c4-4050-9966-6200a34a2030\">\n<div class=\"markdown prose w-full break-words dark:prose-invert dark\">\n<p>Herzlich willkommen auf der Website des Samariterverein Appenzell! Wir freuen uns \u00fcber Ihr Interesse an unserem Verein und m\u00f6chten Ihnen versichern, dass der Schutz Ihrer Privatsph\u00e4re f\u00fcr uns von gr\u00f6sster Bedeutung ist. In unseren Datenschutzrichtlinien erkl\u00e4ren wir, wie wir Informationen sammeln, verwenden, offenlegen und sch\u00fctzen.<\/p>\n<p><strong>1. Welche Daten sammeln wir?<\/strong><\/p>\n<p>Wir sammeln Informationen, die Sie uns aktiv zur Verf\u00fcgung stellen, wie zum Beispiel Namen, Kontaktdaten und Mitgliedschaftsinformationen. Dar\u00fcber hinaus erheben wir automatisch bestimmte Informationen, wenn Sie unsere Website besuchen, wie IP-Adressen, Browser-Typen und Zugriffszeiten.<\/p>\n<p><strong>2. Wie verwenden wir Ihre Daten?<\/strong><\/p>\n<p>Die von uns gesammelten Informationen werden f\u00fcr die Bereitstellung von Informationen \u00fcber unseren Verein, die Verwaltung von Mitgliedschaften, die Kommunikation mit unseren Mitgliedern und die Verbesserung unserer Website genutzt. Sollten Sie sich f\u00fcr einen Kurs anmelden, nutzen wir ihre Daten f\u00fcr die Erfassung und Kontaktaufnahme bez\u00fcglich des Kurses, sowie die Ausstellung ihres Zertifikates. Wir verwenden Ihre Informationen ohne Ihre Zustimmung nicht f\u00fcr andere Zwecke.<\/p>\n<p><strong>3. Datensicherheit<\/strong><\/p>\n<p>Wir setzen angemessene Sicherheitsmassnahmen ein, um Ihre pers\u00f6nlichen Daten vor unbefugtem Zugriff, Nutzung oder Offenlegung zu sch\u00fctzen. Wir sch\u00fctzen Ihre Daten vor Verlust, Missbrauch und unbefugtem Zugriff.<\/p>\n<p><strong>4. Cookies und Tracking-Technologien<\/strong><\/p>\n<p>Unsere Website verwendet Cookies und \u00e4hnliche Tracking-Technologien, um die Nutzung der Website zu analysieren und die Benutzerfreundlichkeit zu verbessern. Durch die Nutzung unserer Website stimmen Sie der Verwendung von Cookies zu.<\/p>\n<p><strong>5. Weitergabe von Informationen an Dritte<\/strong><\/p>\n<p>Wir geben Ihre pers\u00f6nlichen Daten nicht ohne Ihre Zustimmung an Dritte weiter, es sei denn, dies ist gesetzlich vorgeschrieben oder notwendig, um die Zwecke zu erf\u00fcllen, f\u00fcr die die Informationen gesammelt wurden. Zum Beispiel zur Erstellung des Zertifikates Ihres besuchten Kurses.&nbsp;<\/p>\n<p><strong>6. Ihre Rechte<\/strong><\/p>\n<p>Sie haben das Recht, auf Ihre pers\u00f6nlichen Daten zuzugreifen, sie zu korrigieren, zu l\u00f6schen oder ihrer Verarbeitung zu widersprechen. Kontaktieren Sie uns bitte, wenn Sie Ihre Rechte aus\u00fcben m\u00f6chten.<\/p>\n<p><strong>7. \u00c4nderungen an diesen Datenschutzrichtlinien<\/strong><\/p>\n<p>Wir behalten uns das Recht vor, diese Datenschutzrichtlinien jederzeit zu \u00e4ndern. Aktualisierungen werden auf dieser Seite ver\u00f6ffentlicht.<\/p>\n<p><strong>8. Kontaktinformationen<\/strong><\/p>\n<p>Bei Fragen zu unseren Datenschutzpraktiken oder zur Aus\u00fcbung Ihrer Rechte kontaktieren Sie bitte direkt unsere Datenschutzverantwortliche unter : datenschutz@samariter-appenzell.info oder \u00fcber das Kontaktformular.&nbsp;<\/p>\n<p>Vielen Dank, dass Sie unsere Datenschutzrichtlinien gelesen haben. Wir sch\u00e4tzen das Vertrauen, das Sie in uns setzen, und sind stets bestrebt, Ihre Daten sicher und gesch\u00fctzt zu halten.<\/p>\n<p>Zuletzt aktualisiert: 8. Januar 2025\/jfr<\/p>\n<\/div>\n<\/div>\n<\/div>\n<\/div>\n<\/div>\n<\/div>\n<\/div>\n<\/div>\n<p><\/p>\t\t\t\t\t\t\t\t<\/div>\n\t\t\t\t<\/div>\n\t\t\t\t\t<\/div>\n\t\t<\/div>\n\t\t\t\t<div class=\"elementor-column elementor-col-33 elementor-top-column elementor-element elementor-element-bc5d81b\" data-id=\"bc5d81b\" data-element_type=\"column\" data-e-type=\"column\">\n\t\t\t<div class=\"elementor-widget-wrap elementor-element-populated\">\n\t\t\t\t\t\t<div class=\"elementor-element elementor-element-c72e662 elementor-widget elementor-widget-text-editor\" data-id=\"c72e662\" data-element_type=\"widget\" data-e-type=\"widget\" data-widget_type=\"text-editor.default\">\n\t\t\t\t<div class=\"elementor-widget-container\">\n\t\t\t\t\t\t\t\t\t<h2>Fragen?<\/h2>\n<p>Sollten Sie Fragen zu unseren Datenschutzbestimmungen haben, k\u00f6nnen Sie sich gerne \u00fcber das Kontaktformular oder direkt per Mail unter : <span style=\"text-decoration: underline;\">datenschutz@samariter-appenzell.info<\/span> melden.<\/p>\t\t\t\t\t\t\t\t<\/div>\n\t\t\t\t<\/div>\n\t\t\t\t<div class=\"elementor-element elementor-element-c6e1ce9 elementor-widget elementor-widget-button\" data-id=\"c6e1ce9\" data-element_type=\"widget\" data-e-type=\"widget\" data-widget_type=\"button.default\">\n\t\t\t\t<div class=\"elementor-widget-container\">\n\t\t\t\t\t\t\t\t\t<div class=\"elementor-button-wrapper\">\n\t\t\t\t\t<a class=\"elementor-button elementor-button-link elementor-size-sm\" href=\"https:\/\/samariter-appenzell.info\/?page_id=990\">\n\t\t\t\t\t\t<span class=\"elementor-button-content-wrapper\">\n\t\t\t\t\t\t\t\t\t<span class=\"elementor-button-text\">Hier gelangen Sie direkt zum Kontaktformular<\/span>\n\t\t\t\t\t<\/span>\n\t\t\t\t\t<\/a>\n\t\t\t\t<\/div>\n\t\t\t\t\t\t\t\t<\/div>\n\t\t\t\t<\/div>\n\t\t\t\t\t<\/div>\n\t\t<\/div>\n\t\t\t\t\t<\/div>\n\t\t<\/section>\n\t\t\t\t<\/div>\n\t\t","protected":false},"excerpt":{"rendered":"<p>Ihre Daten sicher zu behandeln, ist uns ein grosses Anliegen Und doch sind wir auf gewisse Daten von ihnen angewiesen.&nbsp;&nbsp; Herzlich willkommen auf der Website des Samariterverein Appenzell! Wir freuen uns \u00fcber Ihr Interesse an unserem Verein und m\u00f6chten Ihnen versichern, dass der Schutz Ihrer Privatsph\u00e4re f\u00fcr uns von gr\u00f6sster Bedeutung ist. In unseren Datenschutzrichtlinien&hellip;&nbsp;<a href=\"https:\/\/samariter-appenzell.info\/?page_id=3\" class=\"\" rel=\"bookmark\">Weiterlesen &raquo;<span class=\"screen-reader-text\">Datenschutzrichtlinien<\/span><\/a><\/p>\n","protected":false},"author":1,"featured_media":0,"parent":0,"menu_order":0,"comment_status":"closed","ping_status":"closed","template":"","meta":{"neve_meta_sidebar":"","neve_meta_container":"","neve_meta_enable_content_width":"","neve_meta_content_width":0,"neve_meta_title_alignment":"","neve_meta_author_avatar":"","neve_post_elements_order":"","neve_meta_disable_header":"","neve_meta_disable_footer":"","neve_meta_disable_title":"","_themeisle_gutenberg_block_has_review":false,"footnotes":""},"class_list":["post-3","page","type-page","status-publish","hentry"],"_links":{"self":[{"href":"https:\/\/samariter-appenzell.info\/index.php?rest_route=\/wp\/v2\/pages\/3","targetHints":{"allow":["GET"]}}],"collection":[{"href":"https:\/\/samariter-appenzell.info\/index.php?rest_route=\/wp\/v2\/pages"}],"about":[{"href":"https:\/\/samariter-appenzell.info\/index.php?rest_route=\/wp\/v2\/types\/page"}],"author":[{"embeddable":true,"href":"https:\/\/samariter-appenzell.info\/index.php?rest_route=\/wp\/v2\/users\/1"}],"replies":[{"embeddable":true,"href":"https:\/\/samariter-appenzell.info\/index.php?rest_route=%2Fwp%2Fv2%2Fcomments&post=3"}],"version-history":[{"count":26,"href":"https:\/\/samariter-appenzell.info\/index.php?rest_route=\/wp\/v2\/pages\/3\/revisions"}],"predecessor-version":[{"id":2139,"href":"https:\/\/samariter-appenzell.info\/index.php?rest_route=\/wp\/v2\/pages\/3\/revisions\/2139"}],"wp:attachment":[{"href":"https:\/\/samariter-appenzell.info\/index.php?rest_route=%2Fwp%2Fv2%2Fmedia&parent=3"}],"curies":[{"name":"wp","href":"https:\/\/api.w.org\/{rel}","templated":true}]}}